{"id":1000,"date":"2021-11-04T21:30:44","date_gmt":"2021-11-04T20:30:44","guid":{"rendered":"https:\/\/buchbarblog.podcaster.de\/?page_id=1000"},"modified":"2021-11-04T21:30:44","modified_gmt":"2021-11-04T20:30:44","slug":"hoerbar","status":"publish","type":"page","link":"https:\/\/buchbarblog.podcaster.de\/?page_id=1000","title":{"rendered":"H\u00f6rBar"},"content":{"rendered":"\n<p>Auf meinen Kan\u00e4len gibt es kostenlose H\u00f6rb\u00fccher und Kurzgeschichten. <br>H\u00f6rt zu und lernt gro\u00dfartige Autoren kennen: <\/p>\n\n\n\n<p><a rel=\"noreferrer noopener\" href=\"https:\/\/www.youtube.com\/channel\/UCk40t2yS8WGfIIM-Kdzy6Ww\" target=\"_blank\">YouTube<\/a><br><a rel=\"noreferrer noopener\" href=\"https:\/\/open.spotify.com\/show\/5XZ5kGHJoE3TzqVmGTlmNm?si=ceab3dd6ab334ca6\" target=\"_blank\">Spotify<\/a><br><br>Und in allen bekannten PodcastApps dieser Welt. <br><br>Dar\u00fcber hinaus bin ich die Stimme der Wintert\u00f6chter-Trilogie von Mignon Kleinbek; erschienen im pinguletta Verlag. Das H\u00f6rbuch &#8222;Wintert\u00f6chter. Die Gabe&#8220; (Teil 1 der Saga) ist in allen g\u00e4ngigen H\u00f6rbuchapps erschienen (ua Audible, Spotify und ist bei den g\u00e4ngigen OnlineBuchShops erh\u00e4ltlich). <br><br><br><br><\/p>\n","protected":false},"excerpt":{"rendered":"<p>Auf meinen Kan\u00e4len gibt es kostenlose H\u00f6rb\u00fccher und Kurzgeschichten. H\u00f6rt zu und lernt gro\u00dfartige Autoren kennen: YouTubeSpotify Und in allen bekannten PodcastApps dieser Welt. Dar\u00fcber hinaus bin ich die Stimme der Wintert\u00f6chter-Trilogie von Mignon Kleinbek; erschienen im pinguletta Verlag. Das H\u00f6rbuch &#8222;Wintert\u00f6chter. Die Gabe&#8220; (Teil 1 der Saga) ist in allen g\u00e4ngigen H\u00f6rbuchapps erschienen (ua &hellip; <a href=\"https:\/\/buchbarblog.podcaster.de\/?page_id=1000\" class=\"more-link\"><span class=\"screen-reader-text\">H\u00f6rBar<\/span> weiterlesen <span class=\"meta-nav\">&rarr;<\/span><\/a><\/p>\n","protected":false},"author":2876,"featured_media":0,"parent":0,"menu_order":0,"comment_status":"closed","ping_status":"closed","template":"","meta":{"enclosure":"","podcast_author":"","podcast_copyright":"","podcast_website":"","podcast_logo":"","footnotes":""},"class_list":["post-1000","page","type-page","status-publish","hentry"],"jetpack_sharing_enabled":true,"jetpack_shortlink":"https:\/\/wp.me\/PaoeKE-g8","jetpack-related-posts":[],"_links":{"self":[{"href":"https:\/\/buchbarblog.podcaster.de\/index.php?rest_route=\/wp\/v2\/pages\/1000","targetHints":{"allow":["GET"]}}],"collection":[{"href":"https:\/\/buchbarblog.podcaster.de\/index.php?rest_route=\/wp\/v2\/pages"}],"about":[{"href":"https:\/\/buchbarblog.podcaster.de\/index.php?rest_route=\/wp\/v2\/types\/page"}],"author":[{"embeddable":true,"href":"https:\/\/buchbarblog.podcaster.de\/index.php?rest_route=\/wp\/v2\/users\/2876"}],"replies":[{"embeddable":true,"href":"https:\/\/buchbarblog.podcaster.de\/index.php?rest_route=%2Fwp%2Fv2%2Fcomments&post=1000"}],"version-history":[{"count":1,"href":"https:\/\/buchbarblog.podcaster.de\/index.php?rest_route=\/wp\/v2\/pages\/1000\/revisions"}],"predecessor-version":[{"id":1001,"href":"https:\/\/buchbarblog.podcaster.de\/index.php?rest_route=\/wp\/v2\/pages\/1000\/revisions\/1001"}],"wp:attachment":[{"href":"https:\/\/buchbarblog.podcaster.de\/index.php?rest_route=%2Fwp%2Fv2%2Fmedia&parent=1000"}],"curies":[{"name":"wp","href":"https:\/\/api.w.org\/{rel}","templated":true}]}}